lculate the highest common factor of 20 and t.
5
Suppose -3*d - 6 = -2*n, -2*d - 4*n + 12 + 0 = 0. Suppose -3*u - 14 - 4 = d. Let b = 6 - u. What is the greatest common divisor of b and 84?
12
Let y be (-680)/30*(-3 + 3/(-2)). What is the greatest common factor of y and 102?
102
Suppose 0 = j + 4 - 11. Suppose -2 = -j*x + 12. What is the greatest common factor of 5 and x?
1
Let r = 110 - -209. Calculate the highest common divisor of 11 and r.
11
Let t(o) = -o**2 + 2*o + 21. Let n be t(9). Let d be 76/6 - (n/(-9))/7. What is the highest common divisor of 36 and d?
12
Let z be 5/(-10) - (-62)/4. Let n(m) = m**3 + 5*m**2 - 16*m - 9. Let r be n(-7). Calculate the highest common divisor of z and r.
5
Suppose 4*o = 8 + 12. Suppose -121*y = -122*y - 11. Let w(j) = -3*j + 7. Let a be w(y). What is the highest common divisor of o and a?
5
Let x = 501 + -298. What is the greatest common divisor of 58 and x?
29
Let c(m) = m - 3. Let b be c(6). Let u(q) = 7*q**2 + 6 - 13*q**b + 4 + 12*q**3. Let z be u(7). What is the greatest common factor of z and 5?
5
Let d = -133 + 150. Let a(t) = t + 13. Let m be a(4). What is the highest common divisor of m and d?
17
Suppose -k + 16 - 14 = 0. Let m be 15/2 - (4 + (-7)/k). What is the highest common divisor of 77 and m?
7
Let u(g) = 7*g + 25. Let d be u(-17). Let z = d - -103. Calculate the greatest common divisor of 63 and z.
9
Let g = 433 + -410. What is the greatest common divisor of g and 2?
1
Suppose -10*w - 9 = -109. Suppose -2*h = 2*h + 2*f - 26, 3*f - 24 = -3*h. Calculate the highest common divisor of w and h.
5
Suppose 0 = 6*m - 4*m - 10. Suppose m*y - 715 = -0*y. Let f = -18 - -31. Calculate the highest common factor of f and y.
13
Let o(c) = 25*c**3 + 6*c**2 - 6*c + 4. Let k be o(2). Calculate the highest common factor of k and 8.
8
Let s = -7 + 9. Let p be 2/52*412 - (-46)/299. What is the highest common divisor of p and s?
2
Let f(i) = -23*i - 14. Let a be f(-10). Calculate the greatest common factor of 27 and a.
27
Let w be ((-372)/(-144))/(1/(-129))*-4. Calculate the greatest common factor of 31 and w.
31
Let v(r) = -84*r - 288. Let q be v(-5). Calculate the highest common divisor of q and 308.
44
Suppose 4*g - 2*f - 15 = -1, -4*f + 32 = 4*g. Suppose 22 = 2*a + 3*k, -2*a + a + g*k = 2. Calculate the greatest common factor of a and 4.
4
Suppose 2*w - 6*w = 4. Let v be 4*w*(3 - 2). Let k be ((-414)/(-24))/((-1)/v). What is the highest common divisor of 46 and k?
23
Let q = 377 - -783. What is the greatest common factor of q and 80?
40
Suppose 2*f + f - m = -25, 0 = 4*f - 5*m + 26. Let b(c) = -c**3 - 10*c**2 - 12*c - 6. Let q be b(f). Calculate the highest common factor of q and 189.
21
Suppose -29 = 2*a + 37. Let p be (-1)/(36/a + 1). Suppose 1 = b + 2*w, 3*b + 0*w - 13 = -4*w. What is the greatest common divisor of b and p?
11
Let b be (12/(-32))/((-6)/96). Let v(p) = 2*p - 20. Let n be v(13). Calculate the highest common factor of b and n.
6
Suppose -7*m + 4*m = 4*z - 25, -4*z + m + 13 = 0. What is the highest common factor of 19 and z?
1
Let z = -653 - -4138. Calculate the greatest common divisor of z and 85.
85
Let u be (-3)/(-12) + 14/8. Let d be 2 + (-92)/4 - u. Let t be (11 + d)/((-3)/14). Calculate the highest common divisor of t and 7.
7
Let r(q) = -26*q**3 + q. Let g be r(1). Let x = g + 28. Suppose -5*n + 6*n - 41 = -2*j, x*j = -4*n + 174. Calculate the greatest common factor of n and 18.
9
Suppose -8*j + 1458 = j. Let p be 6/15 + 8/5. Suppose -27 = -p*f + 9. Calculate the highest common factor of j and f.
18
Suppose -3*v = 2*i - 0*i - 8, -4*i - 20 = 0. Suppose 2*l = 3*b - 20 - 132, -241 = -4*b - 5*l. What is the highest common factor of v and b?
6
Let q = 67 + -65. Suppose q*u = 5*m - 368, -m + 0*u + 2*u + 80 = 0. Calculate the greatest common divisor of m and 48.
24
Let r = 172 + -161. Suppose 110 = -2*b - 54. Let j = 6 - b. Calculate the greatest common factor of r and j.
11
Suppose 2*l = 4*s - 570, 4*s - 221 - 354 = 3*l. Calculate the greatest common divisor of 20 and s.
20
Let n(f) = f**3 - 12*f**2 - 10*f + 5. Suppose 5*x = 3*x - 52. Let c be -2*x/8*2. Let y be n(c). What is the greatest common divisor of y and 22?
22
Let x = -256 + 479. Let t = -63 + x. Calculate the highest common factor of 10 and t.
10
Let d be -1*372/(-8)*12/9. Calculate the highest common divisor of 2 and d.
2
Suppose w = -5*g + 104, 3*g - 2*g - 25 = 4*w. Let a be (-1 - -2028) + -21 + 25. Suppose -10*j + a = -279. Calculate the greatest common factor of j and g.
21
Let u = -159 + 229. Let f = 1 - -19. Let o be (385/(-44))/((-1)/f). What is the highest common factor of u and o?
35
Suppose 0 = s + s - 4. Suppose 2*a + 12 = -r + 86, 2*r - 72 = -s*a. Suppose 0*m + 1026 = 18*m. Calculate the greatest common factor of m and a.
19
Suppose 4*k - 15 + 71 = 0. Let s = 60 + k. Suppose -5*n + 5*j = -365, -6*j + 2*j + 122 = 2*n. Calculate the greatest common factor of n and s.
23
Let m(p) = 5*p**2 + p + 39. Let r be m(-7). Let a = 625 - 368. Suppose 3*h - 3*i = -h + a, i - r = -4*h. What is the greatest common factor of h and 17?
17
Suppose 2*u - 18 = -2*v, -2*v = 6 - 0. Let w(s) = -13*s**2 + 4*s + 12*s**2 + 3 + 0*s. Let p be w(4). Calculate the highest common divisor of u and p.
3
Suppose 4*u + 3*z - 39 = 0, 0 = -3*u + 7*z - 2*z - 7. What is the greatest common factor of 354 and u?
6
Let m be 1 + -3 + (-1 - -6 - -5). Suppose 2*i = -r + 3, -r - r = -3*i + 1. What is the highest common divisor of r and m?
1
Suppose -34 = -h - 3*h + r, 3*h + 3*r - 33 = 0. Let i = h - -9. What is the greatest common factor of i and 18?
18
Suppose 175*j = 170*j + 15. Let b(l) = -l**2 + 11*l. Let a be b(8). What is the greatest common factor of a and j?
3
Let o = -11 + 53. Let z = 86 - o. What is the greatest common divisor of z and 66?
22
Suppose -2*i + 3*i - 2*g = -113, -198 = 2*i + 3*g. Let z = i + 189. Calculate the greatest common divisor of 12 and z.
12
Suppose 37*y = 38*y - 39. Calculate the highest common divisor of 65 and y.
13
Suppose 2*s = -5*w + 454, 3*s - 884 = -s - 4*w. Calculate the greatest common factor of s and 124.
31
Suppose -26*u - 112 = -82*u. Calculate the highest common factor of 15 and u.
1
Let l = 878 + -860. Calculate the greatest common divisor of l and 2.
2
Let f = -15 + 22. Suppose -4*g - 3*g = -f. Let x be (2 - g) + -5 + 27. Calculate the highest common divisor of x and 115.
23
Let n be 4004/36 + 2/(-9). What is the greatest common factor of 15 and n?
3
Let m be 13 + 1 + -2 - -3. Let t(p) = 6*p**2 - 4*p**2 + 3*p**2 - p - 7*p. Let b be t(-5). Calculate the highest common factor of m and b.
15
Let m(d) = -d**2 + 22*d - 22. Let a be m(21). Let q be 3 + (35/14)/(a/(-2)). Calculate the greatest common factor of 24 and q.
8
Let r be (-465)/27 + (-16)/(-72). Let c = r - -107. Calculate the greatest common divisor of 18 and c.
18
Suppose -4*s + 398 = 3*p, 0*p - 3*p = -s - 388. What is the greatest common divisor of 13 and p?
13
Suppose f = -2*u + 57, 0 = 35*f - 40*f + 3*u + 246. What is the highest common factor of f and 12?
3
Let l(i) = 10*i + 1. Let x be l(1). Let k be (1/(-3))/(199/(-66) - -3). What is the greatest common factor of k and x?
11
Suppose -3*f = i - 29 - 6, f - 85 = -2*i. Let v be (-2)/(1 + (-48)/i). Calculate the highest common factor of 176 and v.
22
Let u = 1443 + -1074. What is the greatest common factor of 36 and u?
9
Let f = -127 + 189. Suppose 25 = 3*p - f. Calculate the greatest common factor of 58 and p.
29
Let r be (234/21)/((-13)/(-273)). What is the greatest common divisor of r and 36?
18
Let r be (22/(-6) + -1)*21. Let w be 4713/33 + 2/11. Let m = r + w. Calculate the highest common factor of 5 and m.
5
Let d be 228/14 - 4/14. Calculate the highest common divisor of 28 and d.
4
Suppose -4*z + 7 + 13 = 0. Suppose -z*f = -2*a + 76, 0 = -4*a - 5*f + 60 + 32. Let x be (-14)/4*12*-1. Calculate the greatest common divisor of a and x.
14
Suppose -160 = -3*c - 4*m, -c + 60 = -0*m - 2*m. Let f be 4/(-3) - (-66)/9. Suppose -f*r + 50 = 2. What is the greatest common factor of c and r?
8
Suppose 0 = 3*v + 7*v - 100. What is the highest common factor of 20 and v?
10
Let a(l) = 22*l - 4. Let m be a(2). Let z = -125 - -205. What is the highest common divisor of m and z?
40
Suppose -2*x - 4*q = -18, 0 = -8*x + 3